prime factors of 2271694778?
2, 61, 269, 69221
What are the prime factors of 64326380?
2, 5, 113, 28463
List the prime factors of 28026722.
2, 3637, 3853
List the prime factors of 335146308.
2, 3, 7, 3989837
List the prime factors of 584006775.
3, 5, 11, 707887
What are the prime factors of 373062202?
2, 883, 211247
What are the prime factors of 232959597?
3, 13, 5973323
What are the prime factors of 54191307?
3, 727, 24847
List the prime factors of 4215586405.
5, 843117281
List the prime factors of 12292083.
3, 1365787
List the prime factors of 200558712.
2, 3, 23, 15797
What are the prime factors of 904826?
2, 13, 2677
List the prime factors of 461157346.
2, 13, 53, 379, 883
What are the prime factors of 95127755?
5, 227, 83813
What are the prime factors of 2446585150?
2, 5, 127, 385289
List the prime factors of 76546783.
23, 3328121
List the prime factors of 775408255.
5, 155081651
List the prime factors of 119704908.
2, 3, 79, 126271
List the prime factors of 11713326.
2, 3, 1952221
What are the prime factors of 1815398487?
3, 7, 23, 107, 1301
List the prime factors of 380659838.
2, 13, 3061, 4783
What are the prime factors of 176249665?
5, 179, 196927
List the prime factors of 840661437.
3, 7, 11, 233, 15619
What are the prime factors of 10160701?
29, 101, 3469
What are the prime factors of 3103454856?
2, 3, 17, 53, 143519
What are the prime factors of 368768278?
2, 184384139
What are the prime factors of 43571116?
2, 10892779
What are the prime factors of 596040171?
3, 1171, 169667
What are the prime factors of 147357955?
5, 17, 1733623
What are the prime factors of 154286203?
17, 739, 12281
What are the prime factors of 1151362076?
2, 19, 241, 62861
List the prime factors of 216034453.
17, 37, 41, 8377
What are the prime factors of 51118944?
2, 3, 532489
What are the prime factors of 4567151837?
23, 1091, 182009
List the prime factors of 1852620115.
5, 370524023
List the prime factors of 340660055.
5, 4909, 13879
What are the prime factors of 277613393?
569, 487897
What are the prime factors of 308004971?
308004971
What are the prime factors of 209719696?
2, 859, 15259
What are the prime factors of 164074414?
2, 7, 11719601
What are the prime factors of 34770909?
3, 2549, 4547
What are the prime factors of 216504712?
2, 401, 67489
What are the prime factors of 76979184?
2, 3, 19, 84407
What are the prime factors of 683000725?
5, 11, 103, 24113
What are the prime factors of 86629067?
7, 12375581
What are the prime factors of 396331493?
396331493
What are the prime factors of 1889195643?
3, 23, 1014061
What are the prime factors of 2018168920?
2, 5, 137, 368279
List the prime factors of 178699178.
2, 7, 109, 16729
List the prime factors of 125503513.
125503513
What are the prime factors of 831825013?
103, 283, 28537
List the prime factors of 431573825.
5, 17262953
List the prime factors of 1364678973.
3, 7, 41, 101, 5231
What are the prime factors of 67440191?
7, 13, 741101
List the prime factors of 721632705.
3, 5, 23, 199, 457
What are the prime factors of 1995853795?
5, 13, 379, 81017
What are the prime factors of 2775707412?
2, 3, 231308951
What are the prime factors of 2339010220?
2, 5, 116950511
What are the prime factors of 122101818?
2, 3, 2113, 9631
List the prime factors of 2903056585.
5, 11, 13, 4060219
List the prime factors of 325888578.
2, 3, 3121, 5801
What are the prime factors of 180194455?
5, 7, 1693, 3041
What are the prime factors of 97948026?
2, 3, 11, 494687
What are the prime factors of 1740851762?
2, 13, 281, 18329
What are the prime factors of 3668419277?
8779, 417863
List the prime factors of 539769848.
2, 317, 212843
What are the prime factors of 90288862?
2, 45144431
What are the prime factors of 288359197?
7, 41194171
List the prime factors of 3660047937.
3, 7, 13, 23, 21589
List the prime factors of 79695110.
2, 5, 11, 31, 23371
List the prime factors of 126191677.
79, 317, 5039
What are the prime factors of 905048245?
5, 181009649
List the prime factors of 121957565.
5, 31, 786823
What are the prime factors of 187780966?
2, 73, 503, 2557
What are the prime factors of 1387808996?
2, 7, 49564607
What are the prime factors of 974751198?
2, 3, 2851, 56983
What are the prime factors of 1183137883?
61, 19395703
List the prime factors of 834568182.
2, 3, 7, 17, 389621
List the prime factors of 448093403.
787, 569369
What are the prime factors of 20026264?
2, 2503283
List the prime factors of 5764888.
2, 720611
What are the prime factors of 212709929?
37, 263, 21859
What are the prime factors of 78474057?
3, 17, 509, 3023
What are the prime factors of 101527846?
2, 7, 7251989
What are the prime factors of 226915090?
2, 5, 22691509
What are the prime factors of 202292765?
5, 67, 603859
What are the prime factors of 4958724154?
2, 2479362077
List the prime factors of 50997860.
2, 5, 2549893
What are the prime factors of 6666664?
2, 191, 4363
What are the prime factors of 43169844?
2, 3, 3597487
What are the prime factors of 3694000?
2, 5, 1847
What are the prime factors of 1578754497?
3, 526251499
List the prime factors of 64801024.
2, 269, 941
List the prime factors of 44912576.
2, 571, 1229
List the prime factors of 1399317274.
2, 71, 89, 263, 421
What are the prime factors of 716691778?
2, 11, 107, 304457
What are the prime factors of 93499446?
2, 3, 15583241
List the prime factors of 75250354.
2, 53, 709909
What are the prime factors of 228969568?
2, 971, 7369
What are the prime factors of 148179548?
2, 11, 17, 43, 271
What are the prime factors of 6216258565?
5, 11, 113022883
List the prime factors of 3712078397.
59, 73, 861871
What are the prime factors of 144354345?
3, 5, 9623623
List the prime factors of 16401654.
2, 3, 877, 1039
What are the prime factors of 1698487487?
43, 199, 198491
What are the prime factors of 1084187874?
2, 3, 7, 11, 2346727
List the prime factors of 1219521794.
2, 41, 73, 4969
List the prime factors of 1468926158.
2, 7, 79, 1328143
List the prime factors of 556138563.
3, 185379521
What are the prime factors of 1394318315?
5, 13, 2633, 8147
List the prime factors of 62359938.
2, 3, 19, 182339
What are the prime factors of 50025966?
2, 3, 23, 229, 1583
List the prime factors of 3947196078.
2, 3, 7, 19, 235541
List the prime factors of 2991073723.
11, 347, 783619
List the prime factors of 44258409.
3, 13, 378277
List the prime factors of 1030858268.
2, 11, 53, 167, 2647
List the prime factors of 174735086.
2, 83, 151, 6971
List the prime factors of 764951829.
3, 229, 523, 2129
List the prime factors of 479153334.
2, 3, 11, 7259899
List the prime factors of 206644123.
7, 602461
What are the prime factors of 294374342?
2, 41, 197, 18223
What are the prime factors of 7870863126?
2, 3, 7, 19, 2383, 4139
What are the prime factors of 152842509?
3, 59, 73, 3943
List the prime factors of 36459684.
2, 3, 1012769
What are the prime factors of 171619034?
2, 85809517
List the prime factors of 457926656.
2, 11, 20327
What are the prime factors of 325650127?
11, 29604557
What are the prime factors of 4640963657?
11, 269, 1568423
List the prime factors of 7241328.
2, 3, 50287
List the prime factors of 126423803.
11, 11493073
List the prime factors of 555197161.
23, 24139007
List the prime factors of 123173745.
3, 5, 8211583
What are the prime factors of 109126333?
29, 3762977
What are the prime factors of 43995700?
2, 5, 7, 62851
List the prime factors of 677187600.
2, 3, 5, 564323
What are the prime factors of 7522479?
3, 835831
List the prime factors of 165153764.
2, 41288441
List the prime factors of 6568839835.
5, 1313767967
What are the prime factors of 286039584?
2, 3, 173, 5741
What are the prime factors of 57744290?
2, 5, 5774429
What are the prime factors of 61924940?
2, 5, 7, 11, 79, 509
List the prime factors of 85891463.
7, 17, 97, 1063
What are the prime factors of 131453747?
131453747
List the prime factors of 3530921811.
3, 17, 163, 383, 1109
What are the prime factors of 1058580615?
3, 5, 6871, 10271
List the prime factors of 2654933855.
5, 7, 1699, 44647
What are the prime factors of 230724990?
2, 3, 5, 577, 1481
List the prime factors of 487447051.
7, 13, 29, 26387
List the prime factors of 199358585.
5, 39871717
List the prime factors of 417631942.
2, 7, 13, 47, 48823
List the p